
64
Calculate 3 - (-2 - 0) - (87 + -3 - 22).
-57
Evaluate 6 - (177 + -261 - (-38 + -1)).
51
What is (-9 - -43) + 17 + (1 - 14) + -10?
28
Calculate 30 + (92 - (8 - -143)).
-29
What is the value of -12 + 38 + (9 - 55) + -15?
-35
(-200 - -145) + 130 + (1 - -49)
125
Calculate -48 + -23 + -4 - (-2 + (-1 - (1 + -8))).
-79
(15 - 13) + -82 + (185 - 183)
-78
What is the value of -17 - (10 + -17 - 7) - (13 - (4 - 3))?
-15
6 + (-64 - -63) + 54
59
What is 6 - -12 - (-18 + 8 + (74 - -5))?
-51
Calculate 32 + (27 + -43 - 38).
-22
Calculate -15 + (21 + -27 - (4 - -10)) + -14.
-49
1 + 35 + (30 - (-51 + 13 - -65))
39
Calculate (-188 - -139) + (0 + 2 - ((3 - 2) + 3)).
-51
What is the value of -5 + (-3 + -5 - 2) + -13?
-28
Calculate 49 + 27 + -23 - (3 + (-13 - -6)).
57
What is -16 + 67 + (46 - (10 + 18))?
69
What is 12 + (13 - (73 - ((14 - (11 - 0)) + 8)))?
-37
Evaluate 0 - (5 + 36) - (10 - 22).
-29
Calculate 58 - (12 + 21 + -12 + 5).
32
(-23 + 30 - (-8 + -1) - 8) + 108 + -18
98
What is -72 + 86 + -83 + -33?
-102
Calculate 42 + 23 - (16 + -3) - (-5 + -2).
59
Evaluate -10 + 9 + (-6 - (62 + 0) - -3) + -7.
-73
Calculate -22 + 11 + 2 + (-25 - -28) + 58.
52
20 - (-75 - -141 - 57)
11
Evaluate (0 + -7 - -9 - 38) + 3 + -12.
-45
-1654 - -1711 - (0 + 7 - (-6 - -10) - 1)
55
Evaluate 21 + (-45 - (22 + -37)) - (-64 + (-8 - -1)).
62
Evaluate (-119 + 99 - (2 + -31)) + -63.
-54
8 + (-108 - -100) + -79
-79
What is 84 + -119 - (136 - 67)?
-104
What is 217 - 222 - (-59 - -6)?
48
What is -16 - (90 + (-24 - (-36 + 51)))?
-67
What is the value of 81 + -35 - (18 + -7 - (-6 + 19))?
48
What is 4 + 46 - (-488 - -524)?
14
What is (-5 - (-3 + 109 + 5)) + 153 + -162 - 9?
-134
Calculate (4 - (-1 + -16)) + -197 + (-35 - -157).
-54
What is -74 + -42 - (-70 + -17)?
-29
117 + (-72 - -53 - 21)
77
(1 - -56) + (-3635 - -3599)
21
What is the value of 109 + -1 + 5474 + -5546?
36
Calculate 47 + -24 + (-8 - 15 - (6 + -9)).
3
Evaluate 169 - 5 - (-3335 + 3633).
-134
Calculate -10 + (-6 + 0 + 62 + -59 - -13).
0
(-1 - (-15 - (22 + -26) - -109)) + 0
-99
Calculate 10 + -1 - (-36 + -6 + 8 + 9).
34
What is (-1 - 15 - -4 - 1) + -66 + 74 + -24?
-29
What is 2564 + -2505 - (3 - -92)?
-36
What is the value of -1 - (2 - 72) - (6 + (-50 - -36) + -4)?
81
-11 + (1 - (-11 + (-3 - -14))) - (-1 - -6)
-15
What is the value of 2 - (-35 - -39 - -5)?
-7
2 - 12 - (-224 - -93 - -63)
58
(-14 - -26) + (-15 - -16 - 11 - 3)
-1
Evaluate (-5419 - -5513) + (-1 - 51).
42
What is the value of -3 - 90 - (2783 + -2867)?
-9
Evaluate (7 - 34) + 1062 + -965.
70
-42 + 1 + (-3 - (11 - 19)) + (-58 - -47)
-47
-4 + -6 - ((19 - (2 + 12)) + -18)
3
125 + -139 - (-90 + -14)
90
Calculate (-14 - (16 - -5)) + 69.
34
What is -1 - ((-1 - (5 + -6 + -10)) + (-86 - -51))?
24
What is the value of -1 + -108 - (29 - (58 - (7 - -20)))?
-107
Calculate -54 - (-51 + -20) - (0 + -18).
35
What is 453 + -459 + -3 + -2 - (-1 - 0)?
-10
What is 53 - 22 - ((-30 - -13) + 28)?
20
Evaluate 245 + -208 - (11 + -2).
28
Evaluate (-1 + -70 - 2) + (-201 - -227).
-47
What is -102 + 1 - ((-58 - -271) + -240)?
-74
Evaluate -18 - (-3 - (48 - 7 - 4)).
22
(12 - -17 - (50 - 70)) + -24
25
Calculate (-339 - -413) + 4 + (-11 - -2) + -8.
61
Evaluate -44 - -9 - -27 - -49.
41
Calculate 619 + -553 - (-5 - 16) - (3 - -1).
83
What is 0 + (-44 - -3) + (17 + (-12 - -7) - 1)?
-30
Evaluate -55 + (-30 - -38 - -34).
-13
What is the value of 4 + -4 + (-6 - (76 + -66 + (-13 - -2)))?
-5
Calculate 57 - 51 - (13 - (3 + 0)) - -2 - 111.
-113
Calculate (-9 - (-22 + 37)) + 10 - (58 - -5).
-77
What is the value of (0 - 7) + 1 + 4 + 17 + -53 + 52?
14
Evaluate -17 + (5 + (-8 - (-3 - 11)) - 13).
-19
What is (13880 - 13865) + (-2 - (1 - 12) - (0 + 3))?
21
What is the value of 2 + -7 + 10 - ((-2 - (13 - -62)) + 4)?
78
-1 + 22 + -30 + (18 - 17)
-8
Calculate -129 + (0 - 0) - (3 - (-48 + 49)).
-131
(80 - -63 - 70) + -1 + -3 + -16
53
-142 + (-63 - (-63 - 56))
-86
What is the value of 100 + -29 + 41 + -63?
49
Evaluate -20 - ((6 - -11) + -34) - 48.
-51
(-21 + 0 - (600 + -617) - (-1 + -5)) + 44
46
Calculate 1135 + -1237 + (29 + -19 - (-1 + 2)).
-93
96 + (150 + 172 + -311 - (1 + 11 + 0))
95
(5 - (30 - 18)) + 99 + 0 + -5
87
Evaluate (-8 + (19 - -18) - 38) + -3.
-12
Evaluate 1180 + -1198 + 15 + 0 - (-1 + 17).
-19
What is -45 + 24 - (-8 - (10 + 3))?
0
Evaluate 33 - (4 + (11 - (13 - 18))).
13
What is the value of -23 + (-20 + 20 - (5 - (6 - (8 - 3))))?
-27
What is the value of -22 + (11 + -1 + -150 + 258 - -6)?
102
Evaluate -199 + 193 - ((-1 - 5) + 9 + -2).
-7
(-3902 - -3862) + 87 + 1
48
Calculate -103 - (51 - (-13 - -266)).
99
What is 7 - ((-22 - (20 + -23)) + 10)?
16
Evaluate 14 - -10 - (15 + 20 - 45).
34
4 + (-11 - (-43 + -8))
44
Evaluate 56 - (-19 - -92) - (-37 - -5).
15
59 + -33 + 30 + 37 + -2
91
Evaluate (101 - (22 - -52)) + (14 - 1).
40
What is -31 - (13 + -3 + 0 + 1)?
-42
What is -31 + -8 - (-11 - 3) - 58?
-83
-61 + 98 + -46 - (0 + -7)
-2
What is the value of (-63 - -29) + (-102 - -177)?
41
What is the value of (2 - -15) + (6 - 40) - (-8 - -6)?
-15
Evaluate -60 - 0 - -54 - -21.
15
Evaluate 80 + 56 + -143 - (17 - 0).
-24
Calculate 112 - (9 + 123 + -72).
52
What is 65 + (-9 - -2 - (-188 + 195))?
51
Evaluate 7 + 33 - (70 + 55 + -114).
29
What is the value of (7 + -2 + -16 + 5 - 2) + 2?
-6
Evaluate (47 - (-57 + 31 + 2)) + 0 + 1.
72
What is 1 + -5 - (-67 - (94 - 196))?
-39
Evaluate 43 + -23 + -22 + (15 - 7).
6
What is 110 + -2 - (1262 - 1234) - (-21 - -1)?
100
-8 + (5 - 4 - -19) + -39 + (2 - -7)
-18
What is 37 - (-3 + 20) - 16 - 9 - 36?
-41
-33 + 14 + (15 + 0 - -8 - 8)
-4
Calculate -2 + 1 + 119 + -151 + (-31 - 2).
-66
Calculate (-1 - -84) + 1 - (7 - (101 + -90)).
88
What is -2 - -14 - (17 - (-38 + (-12 - -26)))?
-29
What is -14 + -32 + -4 + 0 + (-56 - -63)?
-43
Calculate -2 + (-6 - -14) - (-13 + 13) - -52.
58
Evaluate -12 + 9 - (0 + (-5 - (10 + -8)) + 6).
-2
What is the value of 13 + (50 - -80 - 78)?
65
What is (-102 - 10) + 204 + -149?
-57
What is (2 - -77) + -1 + 16 + 25 + -28?
91
Evaluate (-496 - -486) + (4 + -34 - 2 - (1 - 2)).
-41
Calculate -1 + 3 + 0 + (-63 - -146 - 40).
45
What is 9 - 28 - (-6 - 9) - (-50 + -1) - -7?
54
(2 + 0 + -3 - -5) + (1802 - 1808)
-2
Evaluate 37 + -10 + -75 + (35 - 48).
-61
What is the value of 79 + 1 + -4 + -1 + -34 + 72 + -49?
64
Calculate (215 - 209) + -75 + -41.
-110
What is 41 - (-58 - -46) - (11 - 1) - 6?
37
Evaluate 27 - (62 + 34 + -19) - 28.
-78
Calculate (0 - 5) + 6 + 1 + (89 - (-11 + 10)).
92
-51 + -2 + 36 - (-24 + 5)
2
What is the value of (-36 - 0) + 104 + 47 + -28?
87
Evaluate -9 + 17 + -28 + 27 - -34.
41
What is the value of -123 - (-5 + -2 + (24 - 26) - (1 + 0))?
-113
(-13 - (0 - 3)) + (18 + 0 - 6) + -34
-32
Calculate -56 + 16 + 16 + -105 + 102.
-27
Calculate -38 - (1 - (-3 + -10 + 34)).
-18
Evaluate (-21 - (-48 + 63 + -34)) + 2 + 1.
1
What is the value of 0 - 9 - (-53 + (41 - -20 - -10))?
-27
Calculate -3 + (0 - -1) - (0 + -16 + -149 + 134).
29
Calculate -9 + (1 - -12) + 23 + -65.
-38
Calculate 95 + (-28 - (-65 - -73)).
59
What is the value of 12 - ((-5 - (33 + (-7 - (-11 + -3)))) + -8)?
65
Calculate -40 - ((-45 - -101) + -80).
-16
Calculate (4 + -7 - (23 + 6 - 15)) + 9.
-8
What is the value of (1 - (78 + 0)) + (5 - (56 + -48)) + 5?
-75
What is the value of (-595 - -622) + -1 + -26 + -4?
-4
What is (-2 - -119) + (-45 + 23 - -17) - -14 - 13?
113
-97 - (6 - (-43 - -12) - 25 - (0 + 20))
-89
Evaluate (2 - -1) + 9 + (128 - 103).
37
Evaluate 29 - (2 + -10 - -52).
-15
What is 2 + 32 + (135 + -141 - (1 + (-10 - 0)))?
37
92 - 104 - (13 + 5 + 5 + -7)
-28
Evaluate 5 - (-10 - -22 - 23 - -12).
4
Evaluate 0 + (-1 + -14 - -59) + 18.
62
Calculate -39 - (-9 + (-3 - ((-7 - -13) + -13))).
-34
What is 60 + -10 - (-18 + 4 - -28)?
36
What is 24 - ((-38 - -59) + (-6 - -50))?
-41
What is 11 - 61 - -7 - (-8 + -2 + (0 - -12))?
-45
Calculate 54 + -20 - 82 - -35.
-13
Calculate -66 + (-251 - -249) + 12 + 7 + -3.
-52
Calculate -31 + 44 + (12 - 26).
-1
What is -10 - (-20 + 42 + -10 + -29)?
7
What is (1 + 2 - (49 + -39)) + 0 + 47?
40
What is 9 - (-45 - 49) - (-2 + 21)?
84
What is 0 + -30 - (-6 + -361 + 219)?
118
Evaluate -1 - ((-31 - -115 - -3) + (0 - 0)).
-88
Evaluate -23 - (-55 + -62 - -56).
38
What is (0 - (2 + 146) - 5) + 3425 + -3405?
-133
What is -97 + (69 - (-71 - -57))?
-14
What is -22 + 47 + -9 + -8